 number?
True
Is 4121281 a prime number?
False
Is 306515093 prime?
True
Is 10253053 a composite number?
False
Is 11472091 a prime number?
True
Is 2454227 a composite number?
True
Is 190734589 prime?
True
Is 3302581 prime?
False
Is 1292539 a prime number?
True
Is 324048539 a composite number?
True
Is 11292119 a prime number?
False
Is 1170301 a prime number?
False
Is 222790153 a composite number?
False
Is 2081083 a composite number?
True
Is 2415293 a composite number?
False
Is 9386501 prime?
True
Is 8856593 a prime number?
True
Is 99652117 a prime number?
True
Is 5709341 a composite number?
True
Is 8346311 a composite number?
False
Is 2998811 a composite number?
False
Is 400537579 prime?
False
Is 1923923 a prime number?
False
Is 58046317 a prime number?
False
Is 203785759 a composite number?
True
Is 466727243 prime?
True
Is 10857851 a composite number?
False
Is 141852589 prime?
True
Is 262082 a prime number?
False
Is 29732419 prime?
True
Is 1767863 a composite number?
False
Is 59837723 a composite number?
True
Is 7525247 composite?
False
Is 4058059 prime?
True
Is 26052937 a prime number?
False
Is 433049 prime?
True
Is 115013 composite?
False
Is 25976843 composite?
True
Is 11247671 composite?
True
Is 35197577 a prime number?
False
Is 1500951 a prime number?
False
Is 368175463 prime?
True
Is 41613883 a composite number?
False
Is 2062429 a prime number?
True
Is 10085623 a composite number?
False
Is 8084243 a prime number?
False
Is 2484127 prime?
True
Is 1836073 a prime number?
True
Is 1182659 a composite number?
False
Is 2443253 composite?
True
Is 3994511 prime?
False
Is 94922329 composite?
False
Is 39669379 a composite number?
False
Is 5979527 a prime number?
True
Is 22651903 a prime number?
True
Is 25155701 a prime number?
True
Is 7034249 a composite number?
False
Is 1668157 prime?
False
Is 61723793 a composite number?
False
Is 68678047 composite?
False
Is 15940051 prime?
False
Is 56249 a composite number?
False
Is 458948291 composite?
False
Is 3798569 a prime number?
True
Is 272420299 a composite number?
True
Is 19219322 a composite number?
True
Is 38910341 composite?
False
Is 1656517 a prime number?
True
Is 10037267 composite?
False
Is 55931242 a composite number?
True
Is 2053811 a prime number?
True
Is 33655357 a prime number?
True
Is 1159481903 composite?
False
Is 934421 composite?
True
Is 145662941 a composite number?
False
Is 47942243 composite?
True
Is 22694179 prime?
False
Is 10226107 a composite number?
False
Is 2447671 a composite number?
True
Is 2676469 prime?
False
Is 31261277 composite?
False
Is 243993601 prime?
True
Is 156202577 a composite number?
False
Is 3292607 prime?
False
Is 54304417 a composite number?
True
Is 12791165 composite?
True
Is 1744159 composite?
True
Is 35422363 composite?
True
Is 192229 prime?
True
Is 1623733 a prime number?
True
Is 484421969 a prime number?
True
Is 15843059 composite?
False
Is 10167151 a prime number?
True
Is 57026677 a composite number?
False
Is 30900967 composite?
False
Is 10536739 composite?
False
Is 8535179 composite?
False
Is 3726721 a composite number?
False
Is 40944599 a composite number?
False
Is 69527378 prime?
False
Is 18300769 prime?
False
Is 3285509 composite?
False
Is 8603453 prime?
True
Is 491278109 a prime number?
False
Is 131209541 composite?
False
Is 51899719 a prime number?
True
Is 833117223 a prime number?
False
Is 117307461 a prime number?
False
Is 2790971 prime?
True
Is 24726913 composite?
True
Is 5464513 a composite number?
False
Is 1298881 a prime number?
False
Is 15413513 a composite number?
True
Is 340343 a composite number?
True
Is 270286619 a composite number?
False
Is 13023053 a composite number?
False
Is 136399859 prime?
True
Is 25924838 a prime number?
False
Is 7026781 a prime number?
False
Is 33438413 prime?
True
Is 2025761 a prime number?
False
Is 284900867 a prime number?
True
Is 910333 a composite number?
True
Is 7953487 composite?
False
Is 499482307 prime?
True
Is 25664911 composite?
True
Is 10371937 prime?
False
Is 4165037 composite?
False
Is 17055821 composite?
True
Is 11719327 prime?
True
Is 2079289 a prime number?
False
Is 261227677 composite?
True
Is 248249609 a composite number?
True
Is 326545573 composite?
False
Is 56245901 composite?
False
Is 88518383 a prime number?
True
Is 4984481 a composite number?
False
Is 2181019 a composite number?
True
Is 28069331 composite?
False
Is 14649617 a prime number?
False
Is 13826833 prime?
False
Is 27277361 a composite number?
False
Is 25043201 composite?
False
Is 149443403 a prime number?
True
Is 220121 a prime number?
False
Is 1399907 composite?
True
Is 1825013 composite?
True
Is 2755927 prime?
False
Is 526544273 prime?
False
Is 1344266723 prime?
True
Is 190862561 a prime number?
True
Is 1699781 prime?
True
Is 18065881 a composite number?
False
Is 18079891 composite?
True
Is 9879641 prime?
True
Is 9961573 a prime number?
True
Is 1725617 prime?
True
Is 4826179 a composite number?
False
Is 301619 composite?
False
Is 375828293 a prime number?
True
Is 406693 a composite number?
True
Is 143463626 a composite number?
True
Is 2384461 prime?
True
Is 87635909 a prime number?
True
Is 10518119 composite?
False
Is 304679171 composite?
True
Is 1217329 a prime number?
True
Is 3534691 a prime number?
False
Is 8714467 prime?
True
Is 31690487 prime?
True
Is 13601449 prime?
True
Is 111717679 prime?
True
Is 11745491 composite?
True
Is 33310441 prime?
True
Is 55861747 composite?
False
Is 1914923 a composite number?
False
Is 1617194509 a prime number?
False
Is 17552921 prime?
True
Is 30247961 composite?
False
Is 8720935 a composite number?
True
Is 101476187 prime?
True
Is 1329569 a prime number?
True
Is 59684857 prime?
False
Is 11754383 composite?
False
Is 3076483 prime?
True
Is 7401311 composite?
False
Is 5587097 a composite number?
False
Is 31568527 composite?
False
Is 2704031 a composite number?
True
Is 527200841 prime?
True
Is 1411519 a composite number?
False
Is 2839519 a composite number?
False
Is 10418029 prime?
False
Is 19388821 a prime number?
False
Is 44994967 prime?
True
Is 23607277 a composite number?
True
Is 4591249 composite?
True
Is 323737481 a composite number?
False
Is 18964789 composite?
False
Is 1765861 a prime number?
True
Is 708803 prime?
True
Is 109277401 prime?
True
Is 3251 a prime number?
True
Is 207153797 a composite number?
False
Is 7315429 composite?
True
Is 1862761 a prime number?
True
Is 316212167 composite?
True
Is 8597521 prime?
True
Is 2510041 prime?
True
Is 4543849 composite?
True
Is 13202867 a composite number?
False
Is 590377 composite?
False
Is 2432993 a prime number?
False
Is 128384461 a prime number?
False
Is 174587923 a composite number?
False
Is 3137933 prime?
False
Is 3144229 composite?
True
Is 1964659 composite?
False
Is 3474773 a composite number?
False
Is 1966789 prime?
False
Is 2037920081 prime?
True
Is 1115203 prime?
False
Is 1384931 composite?
True
Is 27953683 a prime number?
True
Is 12980437 composite?
True
Is 74738877 a prime number?
False
Is 42753703 prime?
True
Is 98506255 a composite number?
True
Is 1051793 a prime number?
False
Is 1156079 composite?
False
Is 27510367 a composite number?
False
Is 53340517 prime?
False
Is 219839 a composite number?
False
Is 1819133 a prime number?
False
Is 54388465 prime?
False
Is 3749267 a prime number?
True
Is 3061 a prime number?
True
Is 17795893 prime?
False
Is 4699931 composite?
False
Is 737365153 a prime number?
False
Is 8632597 composite?
False
Is 12916171 a composite number?
False
Is 33185329 prime?
False
Is 2526521 composite?
False
Is 8680171 composite?
False
Is 6456113 prime?
True
Is 359313 a composite number?
True
Is 16658903 prime?
True
Is 24198387 composite?
True
Is 45692341 composite?
True
Is 6954803 a prime number?
False
Is 15207131 a prime number?
False
Is 162650361 prime?
False
Is 199019813 a prime number?
False
Is 46669729 a prime number?
False
Is 58100011 composite?
False
Is 889849 a composite number?
True
Is 1059491 a prime number?
False
Is 172041851 composite?
False
Is 4405759 a prime number?
True
Is 141456347 a prime number?
False
Is 600557 a prime number?
True
Is 7729963 composite?
False
Is 28581929 a composite number?
False
Is 24280271 a prime number?
False
Is 36827057 a composite number?
False
Is 219150007 prime?
True
Is 2982